m be 1/((-12)/9 - -1). Let i(y) = y + 3. Let w be i(m). Suppose w = a - 4. List the prime factors of a.
2
Let r(z) = z**3 + z**2 + z - 1. Let c(i) = -4*i**3 - 2*i**2 - 3*i + 7. Let y(k) = -c(k) - 5*r(k). Suppose 0 = -2*s + 5*s + 9. List the prime factors of y(s).
2
Let v(h) = 4*h**2 + 2*h - 1. Let a be v(1). Suppose 16 = a*z + 1. What are the prime factors of z?
3
Let z(l) = 10 - 8*l + 3*l**2 + 3*l**2 + l**3 + l. Let h be z(-7). Suppose 0*b - h = -5*b. List the prime factors of b.
2
Let q(d) = 2*d - 1. Suppose -16 = k - 5*k. Suppose 16 = 4*o - k*l + 3*l, -5*o - 2*l = -20. What are the prime factors of q(o)?
7
List the prime factors of (4 - (-4)/(-4)) + (-33)/(-3).
2, 7
Let p = -57 - -85. Suppose 2*c - 5*g = -16, -c - 2*g + 10 = -0*g. Suppose 0 = 4*x + 2*f - 5*f - 8, 4*x + c*f - p = 0. What are the prime factors of x?
5
Suppose 0 = -29*i + 27*i + 94. List the prime factors of i.
47
Suppose -5*s + 31 = -5*o - 24, -21 = o - 3*s. Let k = 0 - o. Suppose 0 = -5*g - 2*c + 19, 2*g - k*c + 3*c = 19. What are the prime factors of g?
5
List the prime factors of 0 + 3 - (-1 + 0)*39.
2, 3, 7
Suppose a + 0*f = 2*f + 74, -2*a - f + 173 = 0. What are the prime factors of a?
2, 3, 7
Let b = -15 + 23. Let n be 1 - 0 - (b + 1). List the prime factors of (-2)/(-8) - 86/n.
11
What are the prime factors of (-4)/14 - (-114)/7?
2
Let q(a) = 4*a + 9. Let i(w) = -1. Let f(h) = 2*i(h) + q(h). Let p(v) = 7*v + 14. Let l(r) = -5*f(r) + 3*p(r). What are the prime factors of l(-5)?
2
Let a(g) = -g**3 - 5*g**2 - 7*g - 5. Let h be a(-4). Suppose 5*w = -q + 35, -w - q = -0*q - h. List the prime factors of w.
7
Let f(c) = -c**3 - 6*c**2 - 7*c - 6. Let w be f(-5). Let r = -2 + w. List the prime factors of (r + 6 - 1) + 0.
7
What are the prime factors of (-2)/(-1)*(-732)/(-8)?
3, 61
Let o be ((-14)/35)/((-2)/10). Suppose -3*l + o*z + 45 - 12 = 0, -2*l + 22 = z. List the prime factors of l.
11
Let m(f) be the second derivative of f**5/60 + f**4/8 - f**2 + 2*f. Let b(p) be the first derivative of m(p). List the prime factors of b(-4).
2
Let l(n) = -4 + 5 - 7*n**2 + 32*n**2. Let u be l(-1). Suppose 5*g - 34 = u. List the prime factors of g.
2, 3
Suppose 2*d + 2*d = 20. Let m be (-108)/(-8) + 2/4. Suppose 0 = 5*j + d*w - 100, -5*w + m = -1. What are the prime factors of j?
17
Let l be (-10)/(-3) - (-4)/(-12). Let n(b) = b**3 - b**2 - 5*b + 4. What are the prime factors of n(l)?
7
Suppose -m = x + 3*x + 95, -5*m = 3*x + 84. Let j = -10 - x. What are the prime factors of j?
13
Let y be (-124)/7 + 6/(-21). List the prime factors of (-3 - 0) + (-3 - y).
2, 3
Suppose 10 + 15 = 5*v. Suppose -107 = -5*b + q - 0*q, -115 = -5*b + v*q. List the prime factors of b.
3, 7
Let i = 1 - -3. Suppose -4*h + 5*s = 29, -6*s + 21 = i*h - s. Let v = 7 + h. List the prime factors of v.
2, 3
Let c = -6 - -14. List the prime factors of c.
2
Let b be (0 + -1)/((-14)/(-56)). Let r(w) = 3*w**2 + 5*w + 12. What are the prime factors of r(b)?
2, 5
Let s(o) = o. Let b be s(7). Let j = b - 5. List the prime factors of j.
2
Let x = 1263 - 548. What are the prime factors of x/20 + (-3)/(-12)?
2, 3
Let c be -10*(1 + (-21)/15). Suppose -5*x + 0*m + 134 = c*m, -102 = -4*x + 2*m. List the prime factors of x.
2, 13
Let v be ((-2)/(-6))/((-3)/(-18)). Let p(r) = 2*r - 1. Let w(d) = -d**2 + 4*d - 2. Let s(b) = 7*p(b) - 3*w(b). List the prime factors of s(v).
3, 5
Let x(m) = -3*m. Let o be x(-1). Suppose 45 = 4*b + o*s, -s + 0 = 1. List the prime factors of b.
2, 3
Let f(j) = -j**3 + 9*j**2 - 8*j + 5. Let o be f(8). Suppose -2*i + 20 = -5*c, 0 = i + o*c + 7 + 13. List the prime factors of (1 - i)/(2/14).
7
Suppose z + s + 1 = 0, -5*s - 14 + 4 = 0. Suppose z - 37 = 3*d. Let p = -4 - d. List the prime factors of p.
2
Let g = 21 - -23. What are the prime factors of g?
2, 11
Suppose -2 = -0*p + 2*p. Suppose 3*f = 2*c - 7, -6*f = 2*c - 2*f. List the prime factors of c - (-2)/1 - p.
5
Let r be (-1)/(-3) + 177/9. Suppose r = u - 0*u. Suppose 4*y - 56 = -4*s, -10 = -5*s + 5*y + u. What are the prime factors of s?
2, 5
Suppose 4*f - 94 = -5*k, 4*f - 88 = -0*f - 2*k. List the prime factors of f.
3, 7
Let k(y) = -y - 6. Let r be k(-8). Suppose -5*b + 2*b = 0. Suppose -r*x + 3 + 5 = b. What are the prime factors of x?
2
Let m(c) = -3*c + 13. List the prime factors of m(-9).
2, 5
Suppose -1 = -2*u + 3. Suppose -2*h + 16 - 10 = 0. Suppose -6 = u*m - h*m. List the prime factors of m.
2, 3
Suppose 0 = y - 3*f - 12, 2*f = 5*y - 0*f - 73. List the prime factors of y.
3, 5
Let t = 20 + -5. Suppose -q + t - 1 = 0. List the prime factors of q.
2, 7
What are the prime factors of (-12)/10*1*-35?
2, 3, 7
Let a(d) = d - 3. Let b be a(5). Suppose 0 = -3*z - 6, 4*z + b = -3*c - 6. Suppose c = 2*n - 44 + 18. What are the prime factors of n?
13
Let w(l) = 2*l**2 - 2*l + 1. Let x be w(3). Let v = -9 + x. What are the prime factors of v?
2
Let f be -8*(1 + 34/(-8)). What are the prime factors of (-55)/(-22)*f/5?
13
Let a = -32 - -62. What are the prime factors of a?
2, 3, 5
Suppose 3*o = 5*o + 424. What are the prime factors of o/(-16) + 3/4?
2, 7
Let f(y) = -y**3 + 14*y**2 - 20*y + 40. What are the prime factors of f(11)?
3, 61
Let l(h) = h**2 + 7*h - 1. What are the prime factors of l(-9)?
17
Let x = -11 - -13. Let j = -5 + 28. Suppose -j = -x*q + 15. What are the prime factors of q?
19
Let y = 319 - 71. List the prime factors of y.
2, 31
Suppose 4*s = 526 - 146. List the prime factors of s.
5, 19
Suppose -3*b - p = -4, 3*p + 21 - 3 = b. Suppose 0 = f + b*q - 32, -8*q + 76 = 3*f - 3*q. List the prime factors of f.
17
Let v(k) = -k. Let o be v(-8). Let a(i) = -i**3 + 7*i**2 + 11*i - 12. What are the prime factors of a(o)?
2, 3
Suppose -21 = -3*o - 0. Let a = o + -5. List the prime factors of a.
2
Let x(s) = s**2 - s + 5. Let w(j) = -15*j. Let p be w(-1). Suppose -p = 3*c, -3*c = 3*m - c - 2. What are the prime factors of x(m)?
17
Let t(z) = -z**3 - 8*z**2 - 4*z + 32. What are the prime factors of t(-8)?
2
Let q(b) = b**3 + 7*b**2 + 6*b + 2. Let v be q(-6). Let i be (-18)/(-8)*(-8)/v. What are the prime factors of (i/(-6))/((-6)/(-8))?
2
Let h(v) = -v**3 + 7*v**2 - 5*v - 4. Let r be h(6). Suppose z + 51 = 3*n, 68 = 4*n + r*z + z. What are the prime factors of n?
17
Let h(k) = 2*k - 1 - 5*k + k**3 + 0 - 3*k**2. Let b be h(4). Suppose -3*d + b*z + 6 = 0, d = -3*d - 2*z + 20. List the prime factors of d.
2
Suppose 3*t = -2 + 17. Suppose t*s + 3*u - 3 = 0, -7*s = -2*s - u + 1. Suppose n = 2*m - s*m - 24, -14 = -3*m - 4*n. What are the prime factors of m?
2, 5
Let o = 38 + -22. Let p(c) = -c**3 - 8*c**2 - 8*c. Let m be p(-7). Let a = o - m. What are the prime factors of a?
3
Let u(o) = 13*o**2 - 2*o + 1. Let w be u(1). Suppose -c = 2*c + w. What are the prime factors of (c/6)/((-1)/3)?
2
Suppose 5*m - 2*m - 5*a - 17 = 0, 0 = 3*m - a - 13. What are the prime factors of m?
2
Suppose -4*u - u = -10. Suppose -k + u + 0 = 0. What are the prime factors of k?
2
Let d = 72 + -37. Let s(a) = a**2 + 1. Let z be s(1). Suppose -4*n = t - 61, 2*n - 3*t - d = -z*t. List the prime factors of n.
2
Suppose -72*r + 69*r + 135 = 0. List the prime factors of r.
3, 5
Suppose 0 = f - 1, 5*g - 4*f - 204 = 212. List the prime factors of g.
2, 3, 7
Let s = -52 - -119. List the prime factors of s.
67
Let h = 174 + -61. What are the prime factors of h?
113
Suppose 1 = 2*t - 39. Let o = 5 - t. Let x = o - -24. What are the prime factors of x?
3
Let k = 0 + 2. Suppose -k*j + 12 = 2*j. Suppose -6*h = -j*h - 18. List the prime factors of h.
2, 3
Let z = -16 + 18. Suppose 4*d - z = 158. List the prime factors of d.
2, 5
Suppose y - 4*x - 100 = 0, 4*y - 4*x + 9*x = 358. List the prime factors of y.
2, 23
Let v(s) = s**2 - 21*s + 2. List the prime factors of v(-5).
2, 3, 11
Let a = -186 + 375. List the prime factors of a.
3, 7
What are the prime factors of 2/7 + (-1908)/(-84)?
23
Let a(i) = i**3 + i + 41. List the prime factors of a(0).
41
Let d = 6 + -1. Suppose -d*t - 13 = -2*v, t - 1 = -2. Suppose 8 = -0*u + v*u. List the prime factors of u.
2
Let g(i) = -3*i + 4. Suppose 39 + 15 = -4*n - 2*l, -2*l = -4*n - 34. List the prime factors of g(n).
37
Let f be -3 + (233 - (2 + -4)). Suppose 3*i + 88 = f. Let v = -26 + i. List the prime factors of v.
2, 11
Let h(t) = 2*t**2 - 4*t. Let c be h(3